{"id":4278,"date":"2025-06-18T08:32:49","date_gmt":"2025-06-18T09:32:49","guid":{"rendered":"https:\/\/zenitenergy.com\/?page_id=4278"},"modified":"2025-06-26T14:51:44","modified_gmt":"2025-06-26T15:51:44","slug":"movilidad-electrica","status":"publish","type":"page","link":"https:\/\/zenitenergy.com\/index.php\/movilidad-electrica\/","title":{"rendered":"Movilidad El\u00e9ctrica"},"content":{"rendered":"\t\t<div data-elementor-type=\"wp-page\" data-elementor-id=\"4278\" class=\"elementor elementor-4278\">\n\t\t\t\t\t\t<section class=\"elementor-section elementor-top-section elementor-element elementor-element-853a243 elementor-section-boxed elementor-section-height-default elementor-section-height-default\" data-id=\"853a243\" data-element_type=\"section\" data-e-type=\"section\">\n\t\t\t\t\t\t<div class=\"elementor-container elementor-column-gap-default\">\n\t\t\t\t\t<div class=\"elementor-column elementor-col-50 elementor-top-column elementor-element elementor-element-f2b0faf two\" data-id=\"f2b0faf\" data-element_type=\"column\" data-e-type=\"column\">\n\t\t\t<div class=\"elementor-widget-wrap elementor-element-populated\">\n\t\t\t\t\t\t<div class=\"elementor-element elementor-element-f256137 elementor-widget elementor-widget-image\" data-id=\"f256137\" data-element_type=\"widget\" data-e-type=\"widget\" data-widget_type=\"image.default\">\n\t\t\t\t<div class=\"elementor-widget-container\">\n\t\t\t\t\t\t\t\t\t\t\t\t\t\t\t<img fetchpriority=\"high\" decoding=\"async\" width=\"1024\" height=\"601\" src=\"https:\/\/zenitenergy.com\/wp-content\/uploads\/2025\/06\/FOTO-6-1024x601.jpg\" class=\"attachment-large size-large wp-image-4431\" alt=\"\" srcset=\"https:\/\/zenitenergy.com\/wp-content\/uploads\/2025\/06\/FOTO-6-1024x601.jpg 1024w, https:\/\/zenitenergy.com\/wp-content\/uploads\/2025\/06\/FOTO-6-300x176.jpg 300w, https:\/\/zenitenergy.com\/wp-content\/uploads\/2025\/06\/FOTO-6-768x451.jpg 768w, https:\/\/zenitenergy.com\/wp-content\/uploads\/2025\/06\/FOTO-6-1536x901.jpg 1536w, https:\/\/zenitenergy.com\/wp-content\/uploads\/2025\/06\/FOTO-6-2048x1202.jpg 2048w\" sizes=\"(max-width: 1024px) 100vw, 1024px\" \/>\t\t\t\t\t\t\t\t\t\t\t\t\t\t\t<\/div>\n\t\t\t\t<\/div>\n\t\t\t\t\t<\/div>\n\t\t<\/div>\n\t\t\t\t<div class=\"elementor-column elementor-col-50 elementor-top-column elementor-element elementor-element-7a82118\" data-id=\"7a82118\" data-element_type=\"column\" data-e-type=\"column\">\n\t\t\t<div class=\"elementor-widget-wrap elementor-element-populated\">\n\t\t\t\t\t\t<div class=\"elementor-element elementor-element-6e4aecb elementor-widget elementor-widget-sectiontitle\" data-id=\"6e4aecb\" data-element_type=\"widget\" data-e-type=\"widget\" data-widget_type=\"sectiontitle.default\">\n\t\t\t\t<div class=\"elementor-widget-container\">\n\t\t\t\t\t\r\n\t\t\t\t<div class=\"\">\r\n\r\n\t\t\t<div class=\"section-title t_left\">\r\n                \t\t\t\t\r\n\t\t\t\t  \r\n                       <h3><div style= \"text-align: center\">Carga tu veh\u00edculo, impulsa el cambio<\/h3>\r\n                \t\t\t\t\r\n\t\t\t\t \t\t\t\t<div class=\"bar-main\">\r\n\t\t\t\t\t<div class=\"bar bar-big\"><\/div>\r\n\t\t\t\t<\/div>\r\n\t\t\t\t\r\n                 \r\n                        <p><div style=\"text-align: justify;\">\nLa movilidad el\u00e9ctrica es mucho m\u00e1s que una tendencia: es una forma inteligente y sostenible de desplazarse. En <strong>Zenit Energy<\/strong> te ayudamos a dar el paso hacia el veh\u00edculo el\u00e9ctrico con soluciones completas de instalaci\u00f3n, gesti\u00f3n y asesoramiento t\u00e9cnico.<br><br>\nDise\u00f1amos e instalamos puntos de recarga para particulares, comunidades de vecinos, empresas y administraciones p\u00fablicas, garantizando un servicio seguro, eficiente y adaptado a cada caso. Nuestro equipo t\u00e9cnico se encarga de todo: desde el estudio inicial hasta la puesta en marcha, incluyendo la legalizaci\u00f3n y la tramitaci\u00f3n de ayudas.\n<\/div>\n<\/p>\r\n                \t\t\t\t\r\n\r\n\t\t\t\t\r\n\t\t\t<\/div>\t\r\n\r\n\t\t<\/div>\r\n\r\n\t\t\r\n\t\t\t\t\t\t<\/div>\n\t\t\t\t<\/div>\n\t\t\t\t\t<\/div>\n\t\t<\/div>\n\t\t\t\t\t<\/div>\n\t\t<\/section>\n\t\t\t\t<section class=\"elementor-section elementor-top-section elementor-element elementor-element-f852bec elementor-section-boxed elementor-section-height-default elementor-section-height-default\" data-id=\"f852bec\" data-element_type=\"section\" data-e-type=\"section\">\n\t\t\t\t\t\t<div class=\"elementor-container elementor-column-gap-default\">\n\t\t\t\t\t<div class=\"elementor-column elementor-col-100 elementor-top-column elementor-element elementor-element-80c4869\" data-id=\"80c4869\" data-element_type=\"column\" data-e-type=\"column\">\n\t\t\t<div class=\"elementor-widget-wrap elementor-element-populated\">\n\t\t\t\t\t\t<section class=\"elementor-section elementor-inner-section elementor-element elementor-element-d5c6d56 elementor-section-content-middle elementor-section-boxed elementor-section-height-default elementor-section-height-default\" data-id=\"d5c6d56\" data-element_type=\"section\" data-e-type=\"section\">\n\t\t\t\t\t\t<div class=\"elementor-container elementor-column-gap-default\">\n\t\t\t\t\t<div class=\"elementor-column elementor-col-50 elementor-inner-column elementor-element elementor-element-8268a7a\" data-id=\"8268a7a\" data-element_type=\"column\" data-e-type=\"column\">\n\t\t\t<div class=\"elementor-widget-wrap elementor-element-populated\">\n\t\t\t\t\t\t<div class=\"elementor-element elementor-element-f3009b4 elementor-widget elementor-widget-sectiontitle\" data-id=\"f3009b4\" data-element_type=\"widget\" data-e-type=\"widget\" data-widget_type=\"sectiontitle.default\">\n\t\t\t\t<div class=\"elementor-widget-container\">\n\t\t\t\t\t\r\n\t\t\t\t<div class=\"\">\r\n\r\n\t\t\t<div class=\"section-title t_left\">\r\n                \t\t\t\t\r\n\t\t\t\t  \r\n                       <h3>\u00bfQu\u00e9 ofrecemos?<\/h3>\r\n                \t\t\t\t\r\n\t\t\t\t \t\t\t\t<div class=\"bar-main\">\r\n\t\t\t\t\t<div class=\"bar bar-big\"><\/div>\r\n\t\t\t\t<\/div>\r\n\t\t\t\t\r\n                 \r\n                        <p><div style=\"text-align: justify;\">\n    <ul style=\"list-style-type: disc; padding-left: 20px;\">\n        <li>Instalaci\u00f3n de cargadores el\u00e9ctricos monof\u00e1sicos y trif\u00e1sicos<\/li>\n        <li>Soluciones inteligentes con gesti\u00f3n de carga y control desde app<\/li>\n        <li>Puntos de recarga para uso privado, semip\u00fablico o p\u00fablico<\/li>\n        <li>Integraci\u00f3n con energ\u00eda solar fotovoltaica<\/li>\n        <li>Asesoramiento sobre subvenciones y deducciones fiscales (MOVES III)<\/li>\n    <\/ul>\n<\/div>\n\n<\/p>\r\n                \t\t\t\t\r\n\r\n\t\t\t\t\r\n\t\t\t<\/div>\t\r\n\r\n\t\t<\/div>\r\n\r\n\t\t\r\n\t\t\t\t\t\t<\/div>\n\t\t\t\t<\/div>\n\t\t\t\t\t<\/div>\n\t\t<\/div>\n\t\t\t\t<div class=\"elementor-column elementor-col-50 elementor-inner-column elementor-element elementor-element-50bd504 two\" data-id=\"50bd504\" data-element_type=\"column\" data-e-type=\"column\">\n\t\t\t<div class=\"elementor-widget-wrap elementor-element-populated\">\n\t\t\t\t\t\t<div class=\"elementor-element elementor-element-eb97d69 elementor-widget elementor-widget-image\" data-id=\"eb97d69\" data-element_type=\"widget\" data-e-type=\"widget\" data-widget_type=\"image.default\">\n\t\t\t\t<div class=\"elementor-widget-container\">\n\t\t\t\t\t\t\t\t\t\t\t\t\t\t\t<img decoding=\"async\" width=\"1024\" height=\"1024\" src=\"https:\/\/zenitenergy.com\/wp-content\/uploads\/2025\/06\/Foto-Cragador-1024x1024.jpg\" class=\"attachment-large size-large wp-image-4438\" alt=\"\" srcset=\"https:\/\/zenitenergy.com\/wp-content\/uploads\/2025\/06\/Foto-Cragador-1024x1024.jpg 1024w, https:\/\/zenitenergy.com\/wp-content\/uploads\/2025\/06\/Foto-Cragador-300x300.jpg 300w, https:\/\/zenitenergy.com\/wp-content\/uploads\/2025\/06\/Foto-Cragador-150x150.jpg 150w, https:\/\/zenitenergy.com\/wp-content\/uploads\/2025\/06\/Foto-Cragador-768x768.jpg 768w, https:\/\/zenitenergy.com\/wp-content\/uploads\/2025\/06\/Foto-Cragador-1536x1536.jpg 1536w, https:\/\/zenitenergy.com\/wp-content\/uploads\/2025\/06\/Foto-Cragador-450x450.jpg 450w, https:\/\/zenitenergy.com\/wp-content\/uploads\/2025\/06\/Foto-Cragador-106x106.jpg 106w, https:\/\/zenitenergy.com\/wp-content\/uploads\/2025\/06\/Foto-Cragador-560x560.jpg 560w, https:\/\/zenitenergy.com\/wp-content\/uploads\/2025\/06\/Foto-Cragador-80x80.jpg 80w, https:\/\/zenitenergy.com\/wp-content\/uploads\/2025\/06\/Foto-Cragador.jpg 2000w\" sizes=\"(max-width: 1024px) 100vw, 1024px\" \/>\t\t\t\t\t\t\t\t\t\t\t\t\t\t\t<\/div>\n\t\t\t\t<\/div>\n\t\t\t\t\t<\/div>\n\t\t<\/div>\n\t\t\t\t\t<\/div>\n\t\t<\/section>\n\t\t\t\t\t<\/div>\n\t\t<\/div>\n\t\t\t\t\t<\/div>\n\t\t<\/section>\n\t\t\t\t<section class=\"elementor-section elementor-top-section elementor-element elementor-element-70078cb elementor-section-boxed elementor-section-height-default elementor-section-height-default\" data-id=\"70078cb\" data-element_type=\"section\" data-e-type=\"section\">\n\t\t\t\t\t\t<div class=\"elementor-container elementor-column-gap-default\">\n\t\t\t\t\t<div class=\"elementor-column elementor-col-100 elementor-top-column elementor-element elementor-element-a130ebf\" data-id=\"a130ebf\" data-element_type=\"column\" data-e-type=\"column\">\n\t\t\t<div class=\"elementor-widget-wrap elementor-element-populated\">\n\t\t\t\t\t\t<section class=\"elementor-section elementor-inner-section elementor-element elementor-element-89b5202 elementor-section-content-middle elementor-section-boxed elementor-section-height-default elementor-section-height-default\" data-id=\"89b5202\" data-element_type=\"section\" data-e-type=\"section\">\n\t\t\t\t\t\t<div class=\"elementor-container elementor-column-gap-default\">\n\t\t\t\t\t<div class=\"elementor-column elementor-col-50 elementor-inner-column elementor-element elementor-element-c94844c two\" data-id=\"c94844c\" data-element_type=\"column\" data-e-type=\"column\">\n\t\t\t<div class=\"elementor-widget-wrap elementor-element-populated\">\n\t\t\t\t\t\t<div class=\"elementor-element elementor-element-3a71d83 elementor-widget elementor-widget-image\" data-id=\"3a71d83\" data-element_type=\"widget\" data-e-type=\"widget\" data-widget_type=\"image.default\">\n\t\t\t\t<div class=\"elementor-widget-container\">\n\t\t\t\t\t\t\t\t\t\t\t\t\t\t\t<img decoding=\"async\" width=\"1024\" height=\"683\" src=\"https:\/\/zenitenergy.com\/wp-content\/uploads\/2025\/06\/cierre-de-carga-de-coches-electricos-1024x683.jpg\" class=\"attachment-large size-large wp-image-4446\" alt=\"\" srcset=\"https:\/\/zenitenergy.com\/wp-content\/uploads\/2025\/06\/cierre-de-carga-de-coches-electricos-1024x683.jpg 1024w, https:\/\/zenitenergy.com\/wp-content\/uploads\/2025\/06\/cierre-de-carga-de-coches-electricos-300x200.jpg 300w, https:\/\/zenitenergy.com\/wp-content\/uploads\/2025\/06\/cierre-de-carga-de-coches-electricos-768x512.jpg 768w, https:\/\/zenitenergy.com\/wp-content\/uploads\/2025\/06\/cierre-de-carga-de-coches-electricos-1536x1024.jpg 1536w, https:\/\/zenitenergy.com\/wp-content\/uploads\/2025\/06\/cierre-de-carga-de-coches-electricos-2048x1365.jpg 2048w\" sizes=\"(max-width: 1024px) 100vw, 1024px\" \/>\t\t\t\t\t\t\t\t\t\t\t\t\t\t\t<\/div>\n\t\t\t\t<\/div>\n\t\t\t\t<div class=\"elementor-element elementor-element-f094ec8 elementor-widget elementor-widget-heading\" data-id=\"f094ec8\" data-element_type=\"widget\" data-e-type=\"widget\" data-widget_type=\"heading.default\">\n\t\t\t\t<div class=\"elementor-widget-container\">\n\t\t\t\t\t<h2 class=\"elementor-heading-title elementor-size-default\">A\u00f1os de experiencia...<\/h2>\t\t\t\t<\/div>\n\t\t\t\t<\/div>\n\t\t\t\t\t<\/div>\n\t\t<\/div>\n\t\t\t\t<div class=\"elementor-column elementor-col-50 elementor-inner-column elementor-element elementor-element-e3c4374\" data-id=\"e3c4374\" data-element_type=\"column\" data-e-type=\"column\">\n\t\t\t<div class=\"elementor-widget-wrap elementor-element-populated\">\n\t\t\t\t\t\t<div class=\"elementor-element elementor-element-91887a8 elementor-widget elementor-widget-sectiontitle\" data-id=\"91887a8\" data-element_type=\"widget\" data-e-type=\"widget\" data-widget_type=\"sectiontitle.default\">\n\t\t\t\t<div class=\"elementor-widget-container\">\n\t\t\t\t\t\r\n\t\t\t\t<div class=\"\">\r\n\r\n\t\t\t<div class=\"section-title t_left\">\r\n                \t\t\t\t\r\n\t\t\t\t  \r\n                       <h3>\u00bfListo para conducir el futuro?<\/h3>\r\n                \t\t\t\t\r\n\t\t\t\t \t\t\t\t<div class=\"bar-main\">\r\n\t\t\t\t\t<div class=\"bar bar-big\"><\/div>\r\n\t\t\t\t<\/div>\r\n\t\t\t\t\r\n                 \r\n                        <p><div style=\"text-align: justify; \">\nCont\u00e1ctanos y te asesoramos paso a paso en tu transici\u00f3n hacia la movilidad el\u00e9ctrica.<br><br>\nSolicita tu estudio gratuito o escr\u00edbenos a <a href=\"mailto:info@zenitsystem.com\">info@zenitsystem.com<\/a>\n<\/div>\n<\/p>\r\n                \t\t\t\t\r\n\r\n\t\t\t\t\r\n\t\t\t<\/div>\t\r\n\r\n\t\t<\/div>\r\n\r\n\t\t\r\n\t\t\t\t\t\t<\/div>\n\t\t\t\t<\/div>\n\t\t\t\t\t<\/div>\n\t\t<\/div>\n\t\t\t\t\t<\/div>\n\t\t<\/section>\n\t\t\t\t\t<\/div>\n\t\t<\/div>\n\t\t\t\t\t<\/div>\n\t\t<\/section>\n\t\t\t\t<section class=\"elementor-section elementor-top-section elementor-element elementor-element-2a753a0 elementor-section-boxed elementor-section-height-default elementor-section-height-default\" data-id=\"2a753a0\" data-element_type=\"section\" data-e-type=\"section\" data-settings=\"{&quot;background_background&quot;:&quot;classic&quot;}\">\n\t\t\t\t\t\t<div class=\"elementor-container elementor-column-gap-default\">\n\t\t\t\t\t<div class=\"elementor-column elementor-col-100 elementor-top-column elementor-element elementor-element-d191964\" data-id=\"d191964\" data-element_type=\"column\" data-e-type=\"column\">\n\t\t\t<div class=\"elementor-widget-wrap elementor-element-populated\">\n\t\t\t\t\t\t<div class=\"elementor-element elementor-element-33411fa elementor-widget elementor-widget-brand\" data-id=\"33411fa\" data-element_type=\"widget\" data-e-type=\"widget\" data-widget_type=\"brand.default\">\n\t\t\t\t<div class=\"elementor-widget-container\">\n\t\t\t\t\t\r\n\t\t\t\r\n\t\t\t<div class=\" blog_style_adn_2\">\t\t\t\t\r\n\t\t\t\t<div class=\"blog_wrap brand_carousel owl-carousel owl-loaded curosel-style\">\r\n\t\t\t\t\r\n\t\t\t\t\t\t\t\t\t\t\t\t\t\t\t\t<!-- single blog -->\r\n\t\t\t\t\t\t<div class=\"   col-md-12 col-xs-12 col-sm-12 \" >\r\n\t\t\t\t\t\t\t<div class=\"single_brand \">\r\n\t\t\t\t\t\t\t\r\n\t\r\n\t\t\t\t\t\t\t\t<div id=\"post-538\" class=\"post-538 em_brand type-em_brand status-publish has-post-thumbnail hentry\">\r\n\t\t\t\t\t\t\t\t\t<div class=\"itsoft-single-brand \">\t\t\t\t\t\r\n\t\t\t\t\t\t\t\t\t\t\r\n\t\t\t\t\t\t\t\t\t\t<!-- BLOG THUMB -->\r\n\t\t\t\t\t\t\t\t\t\t\t\t\t\t\t\t\t\t\t\t\t<div class=\"brand-thumb \">\r\n\t\t\t\t\t\t\t\t\t\t\t\t<img loading=\"lazy\" decoding=\"async\" width=\"154\" height=\"133\" src=\"https:\/\/zenitenergy.com\/wp-content\/uploads\/2022\/01\/solar-01-14.png\" class=\"attachment-post-thumbnail size-post-thumbnail wp-post-image\" alt=\"\" \/>\t\t\t\t\t\t\t\t\t\t\t<\/div>\t\t\t\t\t\t\t\t\t\r\n\t\t\t\t\t\t\t\t\t\t\t\t\t\t\t\t\t\t\t\t\t\t\t\r\n\t\t\t\t\t\t\t\t\t<\/div>\r\n\t\t\t\t\t\t\t\t<\/div> <!--  END SINGLE BLOG -->\r\n\t\r\n\t\t\t\t\t\t\t\t\t\r\n\t\t\t\t\t\t\t<\/div>\r\n\t\t\t\t\t\t\r\n\t\t\t\t\t\t<\/div>\r\n\t\t\t\t\t\t\t\t\t\t\t<!-- single blog -->\r\n\t\t\t\t\t\t<div class=\"   col-md-12 col-xs-12 col-sm-12 \" >\r\n\t\t\t\t\t\t\t<div class=\"single_brand \">\r\n\t\t\t\t\t\t\t\r\n\t\r\n\t\t\t\t\t\t\t\t<div id=\"post-530\" class=\"post-530 em_brand type-em_brand status-publish has-post-thumbnail hentry\">\r\n\t\t\t\t\t\t\t\t\t<div class=\"itsoft-single-brand \">\t\t\t\t\t\r\n\t\t\t\t\t\t\t\t\t\t\r\n\t\t\t\t\t\t\t\t\t\t<!-- BLOG THUMB -->\r\n\t\t\t\t\t\t\t\t\t\t\t\t\t\t\t\t\t\t\t\t\t<div class=\"brand-thumb \">\r\n\t\t\t\t\t\t\t\t\t\t\t\t<img loading=\"lazy\" decoding=\"async\" width=\"138\" height=\"133\" src=\"https:\/\/zenitenergy.com\/wp-content\/uploads\/2022\/01\/solar-01-16.png\" class=\"attachment-post-thumbnail size-post-thumbnail wp-post-image\" alt=\"\" \/>\t\t\t\t\t\t\t\t\t\t\t<\/div>\t\t\t\t\t\t\t\t\t\r\n\t\t\t\t\t\t\t\t\t\t\t\t\t\t\t\t\t\t\t\t\t\t\t\r\n\t\t\t\t\t\t\t\t\t<\/div>\r\n\t\t\t\t\t\t\t\t<\/div> <!--  END SINGLE BLOG -->\r\n\t\r\n\t\t\t\t\t\t\t\t\t\r\n\t\t\t\t\t\t\t<\/div>\r\n\t\t\t\t\t\t\r\n\t\t\t\t\t\t<\/div>\r\n\t\t\t\t\t\t\t\t\t\t\t<!-- single blog -->\r\n\t\t\t\t\t\t<div class=\"   col-md-12 col-xs-12 col-sm-12 \" >\r\n\t\t\t\t\t\t\t<div class=\"single_brand \">\r\n\t\t\t\t\t\t\t\r\n\t\r\n\t\t\t\t\t\t\t\t<div id=\"post-528\" class=\"post-528 em_brand type-em_brand status-publish has-post-thumbnail hentry\">\r\n\t\t\t\t\t\t\t\t\t<div class=\"itsoft-single-brand \">\t\t\t\t\t\r\n\t\t\t\t\t\t\t\t\t\t\r\n\t\t\t\t\t\t\t\t\t\t<!-- BLOG THUMB -->\r\n\t\t\t\t\t\t\t\t\t\t\t\t\t\t\t\t\t\t\t\t\t<div class=\"brand-thumb \">\r\n\t\t\t\t\t\t\t\t\t\t\t\t<img loading=\"lazy\" decoding=\"async\" width=\"110\" height=\"138\" src=\"https:\/\/zenitenergy.com\/wp-content\/uploads\/2022\/01\/solar-01-17.png\" class=\"attachment-post-thumbnail size-post-thumbnail wp-post-image\" alt=\"\" \/>\t\t\t\t\t\t\t\t\t\t\t<\/div>\t\t\t\t\t\t\t\t\t\r\n\t\t\t\t\t\t\t\t\t\t\t\t\t\t\t\t\t\t\t\t\t\t\t\r\n\t\t\t\t\t\t\t\t\t<\/div>\r\n\t\t\t\t\t\t\t\t<\/div> <!--  END SINGLE BLOG -->\r\n\t\r\n\t\t\t\t\t\t\t\t\t\r\n\t\t\t\t\t\t\t<\/div>\r\n\t\t\t\t\t\t\r\n\t\t\t\t\t\t<\/div>\r\n\t\t\t\t\t\t\t\t\t\t\t<!-- single blog -->\r\n\t\t\t\t\t\t<div class=\"   col-md-12 col-xs-12 col-sm-12 \" >\r\n\t\t\t\t\t\t\t<div class=\"single_brand \">\r\n\t\t\t\t\t\t\t\r\n\t\r\n\t\t\t\t\t\t\t\t<div id=\"post-526\" class=\"post-526 em_brand type-em_brand status-publish has-post-thumbnail hentry\">\r\n\t\t\t\t\t\t\t\t\t<div class=\"itsoft-single-brand \">\t\t\t\t\t\r\n\t\t\t\t\t\t\t\t\t\t\r\n\t\t\t\t\t\t\t\t\t\t<!-- BLOG THUMB -->\r\n\t\t\t\t\t\t\t\t\t\t\t\t\t\t\t\t\t\t\t\t\t<div class=\"brand-thumb \">\r\n\t\t\t\t\t\t\t\t\t\t\t\t<img loading=\"lazy\" decoding=\"async\" width=\"150\" height=\"135\" src=\"https:\/\/zenitenergy.com\/wp-content\/uploads\/2022\/01\/solar-01-15.png\" class=\"attachment-post-thumbnail size-post-thumbnail wp-post-image\" alt=\"\" \/>\t\t\t\t\t\t\t\t\t\t\t<\/div>\t\t\t\t\t\t\t\t\t\r\n\t\t\t\t\t\t\t\t\t\t\t\t\t\t\t\t\t\t\t\t\t\t\t\r\n\t\t\t\t\t\t\t\t\t<\/div>\r\n\t\t\t\t\t\t\t\t<\/div> <!--  END SINGLE BLOG -->\r\n\t\r\n\t\t\t\t\t\t\t\t\t\r\n\t\t\t\t\t\t\t<\/div>\r\n\t\t\t\t\t\t\r\n\t\t\t\t\t\t<\/div>\r\n\t\t\t\t\t\t\t\t\t\t\t<!-- single blog -->\r\n\t\t\t\t\t\t<div class=\"   col-md-12 col-xs-12 col-sm-12 \" >\r\n\t\t\t\t\t\t\t<div class=\"single_brand \">\r\n\t\t\t\t\t\t\t\r\n\t\r\n\t\t\t\t\t\t\t\t<div id=\"post-524\" class=\"post-524 em_brand type-em_brand status-publish has-post-thumbnail hentry\">\r\n\t\t\t\t\t\t\t\t\t<div class=\"itsoft-single-brand \">\t\t\t\t\t\r\n\t\t\t\t\t\t\t\t\t\t\r\n\t\t\t\t\t\t\t\t\t\t<!-- BLOG THUMB -->\r\n\t\t\t\t\t\t\t\t\t\t\t\t\t\t\t\t\t\t\t\t\t<div class=\"brand-thumb \">\r\n\t\t\t\t\t\t\t\t\t\t\t\t<img loading=\"lazy\" decoding=\"async\" width=\"154\" height=\"133\" src=\"https:\/\/zenitenergy.com\/wp-content\/uploads\/2022\/01\/solar-01-14.png\" class=\"attachment-post-thumbnail size-post-thumbnail wp-post-image\" alt=\"\" \/>\t\t\t\t\t\t\t\t\t\t\t<\/div>\t\t\t\t\t\t\t\t\t\r\n\t\t\t\t\t\t\t\t\t\t\t\t\t\t\t\t\t\t\t\t\t\t\t\r\n\t\t\t\t\t\t\t\t\t<\/div>\r\n\t\t\t\t\t\t\t\t<\/div> <!--  END SINGLE BLOG -->\r\n\t\r\n\t\t\t\t\t\t\t\t\t\r\n\t\t\t\t\t\t\t<\/div>\r\n\t\t\t\t\t\t\r\n\t\t\t\t\t\t<\/div>\r\n\t\t\t\t\t\t\t\t\t\t\t<!-- single blog -->\r\n\t\t\t\t\t\t<div class=\"   col-md-12 col-xs-12 col-sm-12 \" >\r\n\t\t\t\t\t\t\t<div class=\"single_brand \">\r\n\t\t\t\t\t\t\t\r\n\t\r\n\t\t\t\t\t\t\t\t<div id=\"post-522\" class=\"post-522 em_brand type-em_brand status-publish has-post-thumbnail hentry\">\r\n\t\t\t\t\t\t\t\t\t<div class=\"itsoft-single-brand \">\t\t\t\t\t\r\n\t\t\t\t\t\t\t\t\t\t\r\n\t\t\t\t\t\t\t\t\t\t<!-- BLOG THUMB -->\r\n\t\t\t\t\t\t\t\t\t\t\t\t\t\t\t\t\t\t\t\t\t<div class=\"brand-thumb \">\r\n\t\t\t\t\t\t\t\t\t\t\t\t<img loading=\"lazy\" decoding=\"async\" width=\"124\" height=\"137\" src=\"https:\/\/zenitenergy.com\/wp-content\/uploads\/2022\/01\/solar-01-13.png\" class=\"attachment-post-thumbnail size-post-thumbnail wp-post-image\" alt=\"\" \/>\t\t\t\t\t\t\t\t\t\t\t<\/div>\t\t\t\t\t\t\t\t\t\r\n\t\t\t\t\t\t\t\t\t\t\t\t\t\t\t\t\t\t\t\t\t\t\t\r\n\t\t\t\t\t\t\t\t\t<\/div>\r\n\t\t\t\t\t\t\t\t<\/div> <!--  END SINGLE BLOG -->\r\n\t\r\n\t\t\t\t\t\t\t\t\t\r\n\t\t\t\t\t\t\t<\/div>\r\n\t\t\t\t\t\t\r\n\t\t\t\t\t\t<\/div>\r\n\t\t\t\t\t\t\r\n\t\t\t\t\t\r\n\t\t\t\t\t\r\n\t\t\t\t<\/div>\r\n\t\t\t<\/div>\r\n    \t\t<script>\r\n    \t\t\tjQuery(document).ready(function($) {\r\n    \t\t\t\t\"use strict\";\r\n                    \t\/* Brand Curousel *\/\r\n                    \t$('.brand_carousel').owlCarousel({\r\n                    \t\tloop: true,\r\n                    \t\tautoplay: true,\r\n                    \t\tautoplayTimeout: 4000,\r\n                    \t\tdots: false,\r\n                    \t\tnav:true,\r\n                    \t\tnavText: [\"<i class='fa fa-long-arrow-left'><\/i>\", \"<i class='fa fa-long-arrow-right''><\/i>\"],\r\n                    \t\tresponsive: {\r\n                    \t\t\t0: {\r\n                    \t\t\t\titems: 2\r\n                    \t\t\t},\r\n                    \t\t\t768: {\r\n                    \t\t\t\titems: 4\r\n                    \t\t\t},\r\n                    \t\t\t992: {\r\n                    \t\t\t\titems: 4\r\n                    \t\t\t},\r\n                    \t\t\t1920: {\r\n                    \t\t\t\titems: 5\r\n                    \t\t\t}\r\n                    \t\t}\r\n                    \t})\r\n            \t\t});\r\n            \t<\/script>\t\r\n\t\t\t\r\n\t\t\t\t\t\t<\/div>\n\t\t\t\t<\/div>\n\t\t\t\t\t<\/div>\n\t\t<\/div>\n\t\t\t\t\t<\/div>\n\t\t<\/section>\n\t\t\t\t<\/div>\n\t\t","protected":false},"excerpt":{"rendered":"<p>Carga tu veh\u00edculo, impulsa el cambio La movilidad el\u00e9ctrica es mucho m\u00e1s que una tendencia: es una forma inteligente y sostenible de desplazarse. En Zenit Energy te ayudamos a dar el paso hacia el veh\u00edculo el\u00e9ctrico con soluciones completas de instalaci\u00f3n, gesti\u00f3n y asesoramiento t\u00e9cnico. Dise\u00f1amos e instalamos puntos de recarga para particulares, comunidades de [&hellip;]<\/p>\n","protected":false},"author":1,"featured_media":0,"parent":0,"menu_order":0,"comment_status":"closed","ping_status":"closed","template":"page-templates\/template-default.php","meta":{"om_disable_all_campaigns":false,"_monsterinsights_skip_tracking":false,"_monsterinsights_sitenote_active":false,"_monsterinsights_sitenote_note":"","_monsterinsights_sitenote_category":0,"footnotes":""},"class_list":["post-4278","page","type-page","status-publish","hentry"],"aioseo_notices":[],"_links":{"self":[{"href":"https:\/\/zenitenergy.com\/index.php\/wp-json\/wp\/v2\/pages\/4278","targetHints":{"allow":["GET"]}}],"collection":[{"href":"https:\/\/zenitenergy.com\/index.php\/wp-json\/wp\/v2\/pages"}],"about":[{"href":"https:\/\/zenitenergy.com\/index.php\/wp-json\/wp\/v2\/types\/page"}],"author":[{"embeddable":true,"href":"https:\/\/zenitenergy.com\/index.php\/wp-json\/wp\/v2\/users\/1"}],"replies":[{"embeddable":true,"href":"https:\/\/zenitenergy.com\/index.php\/wp-json\/wp\/v2\/comments?post=4278"}],"version-history":[{"count":22,"href":"https:\/\/zenitenergy.com\/index.php\/wp-json\/wp\/v2\/pages\/4278\/revisions"}],"predecessor-version":[{"id":4474,"href":"https:\/\/zenitenergy.com\/index.php\/wp-json\/wp\/v2\/pages\/4278\/revisions\/4474"}],"wp:attachment":[{"href":"https:\/\/zenitenergy.com\/index.php\/wp-json\/wp\/v2\/media?parent=4278"}],"curies":[{"name":"wp","href":"https:\/\/api.w.org\/{rel}","templated":true}]}}